 10, what is 12469 - -1?
12470
In base 8, what is 21 - 214677?
-214656
In base 6, what is -4 - 20214233?
-20214241
In base 4, what is 221 - -13122230?
13123111
In base 15, what is -8a - -4266?
41cb
In base 8, what is -5367270 + 0?
-5367270
In base 7, what is 1 - -3620?
3621
In base 3, what is 22 + -100212010?
-100211211
In base 4, what is 101 + -210002?
-203301
In base 5, what is -1124024 + -10?
-1124034
In base 8, what is 37152 + -1?
37151
In base 4, what is -1121 - 232020?
-233201
In base 15, what is 57e50 + -5?
57e4a
In base 15, what is -18c + 120?
-6c
In base 16, what is -55 - -2fc?
2a7
In base 16, what is -2 + -29c5a?
-29c5c
In base 14, what is -323c + -17b?
-33b9
In base 13, what is 11 - 1a61?
-1a50
In base 2, what is -101 - -11110110101110111100?
11110110101110110111
In base 15, what is 292e + -d?
2921
In base 16, what is 1 + 1e00?
1e01
In base 11, what is 2aa2044 + -4?
2aa2040
In base 9, what is -1 + -32703?
-32704
In base 5, what is -110341 - 1400?
-112241
In base 6, what is 24402 - -352?
25154
In base 9, what is -647 + 33?
-614
In base 9, what is -133241 + 5?
-133235
In base 10, what is -4 - -167?
163
In base 4, what is -123202 + 2100?
-121102
In base 14, what is -27d + 15?
-268
In base 11, what is a438 + 19?
a456
In base 16, what is 27d0 + -3?
27cd
In base 7, what is -1050 - -2055?
1005
In base 12, what is 75 - 5a15?
-5960
In base 9, what is -171 - 873?
-1154
In base 13, what is -10 - -1441b?
1440b
In base 6, what is -1544 - 13?
-2001
In base 14, what is 45951 + 12?
45963
In base 9, what is -4 + -1475075?
-1475080
In base 3, what is -1202211 - 102111?
-2012022
In base 7, what is -5064 - 1026?
-6123
In base 15, what is -5 - -113a?
1135
In base 9, what is -10507 + 54?
-10443
In base 5, what is 404 + -24040?
-23131
In base 8, what is -375 + -251?
-646
In base 10, what is 83 + -1424?
-1341
In base 8, what is 1131 - -247?
1400
In base 2, what is -11000111 - -110000?
-10010111
In base 16, what is 1aef - -38?
1b27
In base 7, what is -644 - 45?
-1022
In base 14, what is -9ba - 282?
-c5c
In base 13, what is -187 + 85?
-102
In base 2, what is 100 + 10101000?
10101100
In base 13, what is -4 + -15a3c?
-15a43
In base 6, what is 341043 + 44?
341131
In base 7, what is -3 - -10664?
10661
In base 6, what is -15 - -312032?
312013
In base 2, what is 100001 + -100011110?
-11111101
In base 11, what is 7246 - 1?
7245
In base 10, what is 251235 + -3?
251232
In base 2, what is 1000011101011 + 101?
1000011110000
In base 8, what is 0 + -71540?
-71540
In base 12, what is -1b7a + 7?
-1b73
In base 7, what is -4 + -10621655?
-10621662
In base 6, what is 342 - 254?
44
In base 6, what is -3 + 3550543?
3550540
In base 5, what is -34434243 - 0?
-34434243
In base 2, what is 0 + -1011010001000001?
-1011010001000001
In base 14, what is 146 + b7?
21d
In base 11, what is -19340 - -2?
-19339
In base 12, what is 20b4 + -3?
20b1
In base 3, what is -1000 + 2111020?
2110020
In base 12, what is -487b + 6?
-4875
In base 16, what is 1dbc - -a6?
1e62
In base 6, what is 4 - -502500?
502504
In base 14, what is 51cc3 - 0?
51cc3
In base 12, what is 404 - -b4?
4b8
In base 2, what is 1001110 - -111011001111110?
111011011001100
In base 15, what is -19e - -4c?
-152
In base 5, what is 1301123 - 22?
1301101
In base 11, what is -55 + -242?
-297
In base 16, what is 3 - -117c3?
117c6
In base 4, what is -322130312 - 1?
-322130313
In base 4, what is -10 + 31023222?
31023212
In base 15, what is -4 + -99e1?
-99e5
In base 15, what is -98 - -5a1?
508
In base 15, what is -4 - 467?
-46b
In base 2, what is 1010 + -11001001011001000?
-11001001010111110
In base 15, what is 9a4 - -59?
a0d
In base 11, what is 11164 - -3?
11167
In base 6, what is 5 - -1545?
1554
In base 5, what is -3 - 213410401?
-213410404
In base 16, what is de638 - 0?
de638
In base 5, what is 11114 - 103?
11011
In base 6, what is -33351 - 13?
-33404
In base 10, what is 2 + 40789?
40791
In base 3, what is 1021022002 - -2120?
1021101122
In base 14, what is 7505 - -29?
7530
In base 14, what is -556 - -672?
11a
In base 13, what is -4174 - 4?
-4178
In base 13, what is 546 - 2b?
518
In base 12, what is 449 - -12b4?
1741
In base 11, what is 2a + -79a64?
-79a35
In base 7, what is -635 - 262?
-1230
In base 11, what is 79239 + -3?
79236
In base 7, what is -42 - -6233?
6161
In base 8, what is 0 - 1210511?
-1210511
In base 13, what is -3 - -1c028b?
1c0288
In base 2, what is 101001111111 - -100?
101010000011
In base 5, what is 124 + 10443?
11122
In base 16, what is -8 + -b24?
-b2c
In base 10, what is 1 - 13125?
-13124
In base 7, what is 11436 - -201?
11640
In base 10, what is 33178 - 55?
33123
In base 6, what is -14 + 243405?
243351
In base 10, what is 37014 + -2?
37012
In base 2, what is 11110 + -1000000111?
-111101001
In base 10, what is -584270 + 4?
-584266
In base 16, what is 914 + 305?
c19
In base 7, what is 62 + 12465?
12560
In base 13, what is -34 - -44?
10
In base 2, what is -11010010010 + -1111001010?
-101001011100
In base 8, what is -470065 + -5?
-470072
In base 10, what is -40956 + 5?
-40951
In base 15, what is -6 - 17e3b?
-17e42
In base 15, what is -7ae3 + -2?
-7ae5
In base 13, what is -581 + -24?
-5a5
In base 10, what is -40410 + -3?
-40413
In base 14, what is 0 - 6b2b?
-6b2b
In base 13, what is -21224 + 13?
-21211
In base 12, what is -45495 - 2?
-45497
In base 5, what is 1 - 311333?
-311332
In base 6, what is -124 - 21001?
-21125
In base 4, what is -101121 + 2?
-101113
In base 9, what is -16 + 1650?
1633
In base 9, what is -1586 + -21?
-1617
In base 8, what is 7331 - -4?
7335
In base 2, what is -10 - -100011011110010110?
100011011110010100
In base 2, what is -10000011 + -1110010101?
-10000011000
In base 13, what is 5 + -4460?
-4458
In base 13, what is -142 - 248?
-38a
In base 7, what is -2442 - -20?
-2422
In base 12, what is -262 - 1?
-263
In base 7, what is -26362352 + -3?
-26362355
In base 3, what is 2012200 + 1200?
2021100
In base 3, what is 10 + -21121122?
-21121112
In base 14, what is -19 + -9258?
-9273
In base 3, what is 2022122100 - 111?
2022121212
In base 4, what is -1220031201 - 10?
-1220031211
In base 13, what is 8b819 - -4?
8b820
In base 3, what is -12 - 122112022221?
-122112100010
In base 4, what is -1133 + 132023?
130230
In base 13, what is -3c673a - 4?
-3c6741
In base 7, what is 31061254 + -2?
31061252
In base 14, what is 4 + -52b9?
-52b5
In base 13, what is 5 - -1bcb?
1c03
In base 2, what is 11001010000 + -11011100011?
-10010011
In base 10, what is -150231 + -2?
-150233
In base 12, what is 448 - 11?
437
In base 13, what is -443cc - -2?
-443ca
In base 15, what is 3929 + 5?
392e
In base 8, what is -61 - -14012?
13731
In base 15, what is -347c + -15?
-3492
In base 7, what is 13252455 + -2?
13252453
In base 6, what is 1 + 2154?
2155
In base 12, what is -8b1a2 - 2?
-8b1a4
In base 3, what is 122 - 1022?
-200
In base 8, what is -5 - 67622?
-67627
In base 5, what is 34 + -2314343?
-2314304
In base 5, what is 20032 - -21024?
41111
In base 14, what is 5 - -142a3?
142a8
In base 3, what is -2112111 + -2020?
-2121201
In base 9, what is 1331 - -155?
1486
In base 11, what is 33a2 - -134?
3526
In base 15, what is 3 + 512b0?
512b3
In base 2, what is -100 - 10000011100011011?
-10000011100011111
In base 10, what is 683292 + 1?
683293
In base 8, what is -5 + 632434?
632427
In base 16, what is -4 + e721?
e71d
In base 16, what is -19b7 - 3?
-19ba
In base 14, what is -1c2 + -d6?
-2b8
In base 4, what is 302 + -2002223?
-2001321
In base 9, what is -166 - -1075?
808
In base 5, what is 3200 + -4410?
-1210
In base 12, what is 5 + 3459a7?
3459b0
In base 5, what is -14413 - 1001?
-20414
In base 10, what is -15 - 3376?
-3391
In base 14, what is -18 - 10c1?
-10d9
In base 15, what is -65 + 143?
cd
In base 2, what is -1000010101101 + -101101?
-1000011011010
In base 9, what is -55630 + 3?
-55626
In base 9, what is -117235 + -3?
-117238
In base 12, what is -14bb2 + 18?
-14b96
In base 12, what is -363 - 29?
-390
In base 7, what is 5 + -161311?
-161303
In base 12, what is 509 - -4b3?
a00
In base 7, what is 1161 - -21234?
22425
In base 8, what is -6 + 423701?
423673
In base 6, what is -432003 + -331?
-432334
In base 11, what is -39 + -581?
-60a
In base 12, what is 11 + 10773?
10784
In base 2, what is 10101 + -1010010001001011?
-1010010000110110
In base 4